{"id":13,"date":"2015-12-29T10:39:42","date_gmt":"2015-12-29T09:39:42","guid":{"rendered":"https:\/\/www.provocantus.de\/?page_id=13"},"modified":"2016-01-03T18:10:52","modified_gmt":"2016-01-03T17:10:52","slug":"chorleiter","status":"publish","type":"page","link":"https:\/\/www.provocantus.de\/index.php\/chorleiter\/","title":{"rendered":"Chorleiter"},"content":{"rendered":"<h2 id=\"u1963\" class=\"grpelem\"><img loading=\"lazy\" decoding=\"async\" class=\"size-large wp-image-117 alignright\" src=\"https:\/\/www.provocantus.de\/wp-content\/uploads\/2015\/12\/MS2-1024x873.jpg\" alt=\"MS2\" width=\"640\" height=\"546\" srcset=\"https:\/\/www.provocantus.de\/wp-content\/uploads\/2015\/12\/MS2-1024x873.jpg 1024w, https:\/\/www.provocantus.de\/wp-content\/uploads\/2015\/12\/MS2-300x256.jpg 300w, https:\/\/www.provocantus.de\/wp-content\/uploads\/2015\/12\/MS2-768x654.jpg 768w, https:\/\/www.provocantus.de\/wp-content\/uploads\/2015\/12\/MS2.jpg 1535w\" sizes=\"auto, (max-width: 640px) 100vw, 640px\" \/>Ansver Sobtzick<\/h2>\n<div class=\"grpelem\"><\/div>\n<div id=\"u1964-24\" data-muse-uid=\"U1964\" data-muse-type=\"txt_frame\">\n<p style=\"text-align: left;\">geboren 1962 in Osnabr\u00fcck, erfuhr er seine erste musikalische Ausbildung als Mitglied im Osnabr\u00fccker Dom- und Jugendchor unter der Leitung von Johannes Rahe. Der Grundstein f\u00fcr seine vielf\u00e4ltigen Aktivit\u00e4ten liegt in den beiden Studienf\u00e4chern Sonderp\u00e4dagogik an der Julius Maximilian Universit\u00e4t W\u00fcrzburg und Gesang bei Frau Prof. Christa Degler an der Musikhochschule W\u00fcrzburg. Nach der Zeit in W\u00fcrzburg setzte er seine Gesangsstudien bei Peter Kooij in Hannover und anschlie\u00dfend bei Kammers\u00e4ngerin Ingeborg Hallstein in M\u00fcnchen fort. Meister- und Interpretationskurse im Fach Gesang und Dirigieren unter anderem bei Andreas Schmidt, Charles Brett, Prof. Kurt Eichhorn und Prof. Volker Hempfling, sowie die chorischen Erfahrungen u. a. als Ensemblemitglied des Kammerchores Stuttgart und der Internationalen Bachakademie Stuttgart, sorgten f\u00fcr eine breite und gediegene Basis seiner Chorleiter-T\u00e4tigkeit, zu deren Fr\u00fcchten neben dem Konzertchor ProvoCantus auch der Lehrerchor Freyung-Grafenau und die S\u00e4ngergemeinschaft \u201eConcordia Musica\u201c z\u00e4hlen. Hierf\u00fcr bekam er 2002 den Kulturpreis des Rotary-Clubs Freyung-Grafenau. Neben seiner s\u00e4ngerischen T\u00e4tigkeit als Bass an verschiedenen Opernh\u00e4usern und als gefragter Oratoriens\u00e4nger ist Sobtzick als Referent f\u00fcr Stimmbildung, Leiter bei Chorwochen und Musikworkshops t\u00e4tig. Hauptberuflich ist Ansver Sobtzick Schulleiter der Caritasschule St. Elisabeth, F\u00f6rder\u00adzentrum mit dem Schwerpunkt geistige Entwicklung.<\/p>\n<p style=\"text-align: left;\">Kontakt:<em> sobtzick@provocantus.de<\/em><\/p>\n<\/div>\n","protected":false},"excerpt":{"rendered":"<p>Ansver Sobtzick geboren 1962 in Osnabr\u00fcck, erfuhr er seine erste musikalische Ausbildung als Mitglied im Osnabr\u00fccker Dom- und Jugendchor unter der Leitung von Johannes Rahe. Der Grundstein f\u00fcr seine vielf\u00e4ltigen Aktivit\u00e4ten liegt in den beiden Studienf\u00e4chern Sonderp\u00e4dagogik an der Julius Maximilian Universit\u00e4t W\u00fcrzburg und Gesang bei Frau Prof. Christa Degler an der Musikhochschule W\u00fcrzburg. Nach [&hellip;]<\/p>\n","protected":false},"author":1,"featured_media":0,"parent":0,"menu_order":0,"comment_status":"closed","ping_status":"closed","template":"home-page.php","meta":{"footnotes":""},"class_list":["post-13","page","type-page","status-publish","hentry"],"_links":{"self":[{"href":"https:\/\/www.provocantus.de\/index.php\/wp-json\/wp\/v2\/pages\/13","targetHints":{"allow":["GET"]}}],"collection":[{"href":"https:\/\/www.provocantus.de\/index.php\/wp-json\/wp\/v2\/pages"}],"about":[{"href":"https:\/\/www.provocantus.de\/index.php\/wp-json\/wp\/v2\/types\/page"}],"author":[{"embeddable":true,"href":"https:\/\/www.provocantus.de\/index.php\/wp-json\/wp\/v2\/users\/1"}],"replies":[{"embeddable":true,"href":"https:\/\/www.provocantus.de\/index.php\/wp-json\/wp\/v2\/comments?post=13"}],"version-history":[{"count":19,"href":"https:\/\/www.provocantus.de\/index.php\/wp-json\/wp\/v2\/pages\/13\/revisions"}],"predecessor-version":[{"id":883,"href":"https:\/\/www.provocantus.de\/index.php\/wp-json\/wp\/v2\/pages\/13\/revisions\/883"}],"wp:attachment":[{"href":"https:\/\/www.provocantus.de\/index.php\/wp-json\/wp\/v2\/media?parent=13"}],"curies":[{"name":"wp","href":"https:\/\/api.w.org\/{rel}","templated":true}]}}