{"id":31,"date":"2015-12-29T11:24:51","date_gmt":"2015-12-29T10:24:51","guid":{"rendered":"https:\/\/www.provocantus.de\/?page_id=31"},"modified":"2016-09-06T13:37:17","modified_gmt":"2016-09-06T11:37:17","slug":"presse","status":"publish","type":"page","link":"https:\/\/www.provocantus.de\/index.php\/presse\/","title":{"rendered":"Presse"},"content":{"rendered":"<div id=\"u2432-63\" class=\"clearfix grpelem\" data-muse-uid=\"U2432\" data-muse-type=\"txt_frame\">\n<p><strong>\u201eMusikprojekt als Appell f\u00fcr den Frieden\u201c<\/strong><br \/>\n<em>Caritasschule St. Elisabeth f\u00fchrt \u201eThe Armed Man\u201c in der Hinterschmidinger Pfarrkirche auf<\/em><\/p>\n<p><strong><em>PNP 25.02.2016<\/em><\/strong><br \/>\n<em>Von Claudia Grimsmann<\/em><\/p>\n<p><strong>FRG.<\/strong> Krieg und Frieden. Kaum ein anderes Thema ist aktuell von h\u00f6herer Bedeutung: \u201eViele Menschen fliehen aus den Krisengebieten dieser Welt zu uns. Sie suchen Schutz und ein neues Zuhause\u201c, so der Gesch\u00e4ftsf\u00fchrer des Caritasverbandes FRG, Josef Bauer. \u201eJetzt geht es darum ein \u201afriedliches\u2018 Miteinander zu erreichen \u2013 trotz anderer Sprachen, Kulturen, anderer Religionen.\u201c Wie k\u00f6nnte das besser gelingen, als mit der Weltsprache \u201eMusik\u201c.<\/p>\n<p>Karl Jenkins <em>(bekannt durch sein Musikprojekt zum Werbespot der DELTA AIRLINES \u2013 Anm. d. Red.)<\/em> hatte w\u00e4hrend des Kosovokrieges eine Friedensmesse komponiert und zum Millennium uraufgef\u00fchrt. \u201eThe Armed Man: A Mass for Peace\u201c gilt als Anti-Kriegsst\u00fcck, das zum Einsatz f\u00fcr den Frieden aufruft. Das Oratorium verbindet dabei Filmmusik mit liturgischen Kirchenkl\u00e4ngen. Gemeinsam mit unterschiedlichen Ch\u00f6ren und Schulen werden im Juli unbegleitete minderj\u00e4hrige Fl\u00fcchtlinge und Kinder mit geistigem Handicap die Jenkins-Friedensmesse in der Hinterschmidinger Kirche darbieten. Und ein weiterer integrativer Ansatz: \u201e<em>Es geh\u00f6rt nach unserem Verst\u00e4ndnis die Praxis dazu<\/em>, dass jeder mit seinen F\u00e4higkeiten mitmachen darf\u201c, erkl\u00e4rt<span style=\"text-decoration: line-through;\">e<\/span> der Initiator des Musikprojektes, Ansver Sobtzick.\u201c Musizieren \u00fcber den Tellerrand \u2013 neues Miteinander, in dem Diversit\u00e4t und gegenseitige Akzeptanz selbstverst\u00e4ndlich sind und Integration Spa\u00df macht, dass ist unsere Botschaft!\u201c Inklusion d\u00fcrfe schlie\u00dflich keine leere Worth\u00fclse sein. \u201eDas ist mir wichtig \u2013 in meiner Arbeit als Rektor an der Caritasschule St. Elisabeth und als Chorleiter!\u201c In Tr\u00e4gerschaft des Kreis-Caritasverbandes Freyung-Grafenau e.V. geht das ehrgeizige Musikprojekt an den Start. Unterst\u00fctzer sind dabei der Landkreis-Lehrerchor, der Gospelchor \u201eInspiration\u201c und der Konzertchor \u201eProvoCantus\u201c. Ein gro\u00dfes Symphonieorchester und die Tanzschule Prasch versprechen zus\u00e4tzlichen Kulturgenuss. Die Schirmherrschaft f\u00fcr das Projekt hat Passaus Oberb\u00fcrgermeister, J\u00fcrgen Dupper \u00fcbernommen. Die musikalische Leitung hat Ansver Sobtzick inne.<\/p>\n<p><em>Karl Jenkins \u2013 der Name des walisischen Komponisten ist Programm: Gro\u00dfe Musik \u2013 manchmal mittelalterlich, manchmal Ethno, aber immer imposant. Ansver Sobtzick \u2013 auch sein Name ist Programm: Mit seinem Chor \u201eProvocantus\u201c hat sich der klassisch ausgebildete Bass und Rektor der Caritas-Schule St. Elisabeth am Zentrum f\u00fcr geistige Entwicklung regional wie international einen Namen gemacht. <\/em><\/p>\n<p>&nbsp;<\/p>\n<p><strong>\u201eThe Armed Man\u201c \u2013 Friedensmesse als kooperatives Musikprojekt<\/strong><br \/>\n<em>Beginn der Chorproben mit Start-up Tag am 20. Februar in der Caritasschule Freyung<\/em><br \/>\n<strong><em>PNP 19.02.2016<\/em><\/strong><br \/>\n<em>Von Dieter Reichardt<\/em><\/p>\n<p><strong>Freyung\/Hinterschmiding.<\/strong> Im Juli dieses Jahres soll das zeitgen\u00f6ssische Oratorium des britischen Komponisten Karl Jenkins aufgef\u00fchrt werden. Bei diesem gro\u00df angelegten Projekt wirken neben verschiedenen Ch\u00f6ren und Schulen des Landkreises Freyung-Grafenau auch unbegleitete minderj\u00e4hrige Fl\u00fcchtlinge und Sch\u00fcler mit dem F\u00f6rderbedarf geistige Entwicklung mit. Neue S\u00e4nger k\u00f6nnen am 20. Februar in die Probenphase einsteigen.<\/p>\n<p>Das Thema Krieg und Frieden sowie ein notwendiger interreligi\u00f6ser Dialog zwischen den Weltreligionen bewegt die Menschen heute mehr denn je. Auf die Initiative der Caritasschule St. Elisabeth wird in den n\u00e4chsten Monaten ein Musikwerk einstudiert, das diese Fragen aufgreift und zum gemeinsamen Einsatz f\u00fcr den Frieden aufruft. \u201eThe Armed Man: A Mass for Peace\u201c von Karl Jenkins ist ein Antikriegsst\u00fcck, das auf den Texten der katholischen Messliturgie basiert und zugleich nicht-christliche Quellen einbindet. Es wurde um die Jahrtausendwende anl\u00e4sslich des Kosovokrieges f\u00fcr vierstimmigen gemischten Chor mit zwei Solisten und sinfonische Orchesterbesetzung geschrieben. Am 23. und 24. Juli 2016, soll das Werk in der Pfarrkirche in Hinterschmiding aufgef\u00fchrt werden. Musikalisch erwartet den Zuh\u00f6rer ein unterhaltsames Konzert der Extraklasse: Mit gro\u00dfem Orchester, Chor und Solisten verbindet das Oratorium Filmmusik und klassische Kirchenkl\u00e4nge mit Pop und Jazz. Der musikalischen Gesamtleitung von Sonja Reischl und Ansver Sobtzick ist es gelungen, eine Vielzahl von Gruppen aus dem Landkreis f\u00fcr dieses Werk zu begeistern und f\u00fcr die geplante Auff\u00fchrung einzubinden. Neben dem Gospelchor Inspiration, dem Konzertchor ProvoCantus und dem Lehrerchor Freyung werden auch zahlreiche Sch\u00fcler der Freyunger Schulen und Unbegleitete minderj\u00e4hrige Fl\u00fcchtlinge in einem Projektchor zusammen singen. Eine Besonderheit dieser Auff\u00fchrung wird eine gemeinsame t\u00e4nzerische Inszenierung durch Sch\u00fcler der Caritasschule St. Elisabeth und der Tanzschule Prasch sein. F\u00fcr diese Form der Darstellung wurde vom Komponisten eigens eine Genehmigung eingeholt. Der interreligi\u00f6se und -kulturelle Dialog soll im Rahmen des Konzertes zudem durch verschiedene Informationsst\u00e4nde zum Thema \u201eKriege in der Welt\u201c vertieft werden, bei dem Unbegleitete minderj\u00e4hrige Fl\u00fcchtlinge ihre Heimatl\u00e4nder vorstellen.<\/p>\n<p>Am Samstag, den 20.02. beginnen die Chorproben f\u00fcr alle S\u00e4nger des Projekts im Rahmen eines Start-up Tages. Jeder, der gerne mitsingen m\u00f6chte ist herzlich eingeladen vorbeizuschauen. Geprobt wird von 10.00 Uhr \u2013 16.30 Uhr (inkl. Mittagspause) in der Caritasschule St. Elisabeth in Freyung (Ludwig-Penzkofer-Str. 3). Auch Studenten und andere ausw\u00e4rtige S\u00e4nger k\u00f6nnen das Projekt durch eine Teilnahme an den Probentagen\/-wochenenden mitmachen \u2013 Chorerfahrung vorausgesetzt. Alle weiteren Probentermine und zus\u00e4tzliche Infos zum Projekt finden sich auf der Homepage <a href=\"https:\/\/www.provocantus.de\"><em>www.provocantus.de<\/em><\/a><em>. &#8211; dr<\/em><\/p>\n<\/div>\n","protected":false},"excerpt":{"rendered":"<p>\u201eMusikprojekt als Appell f\u00fcr den Frieden\u201c Caritasschule St. Elisabeth f\u00fchrt \u201eThe Armed Man\u201c in der Hinterschmidinger Pfarrkirche auf PNP 25.02.2016 Von Claudia Grimsmann FRG. Krieg und Frieden. Kaum ein anderes Thema ist aktuell von h\u00f6herer Bedeutung: \u201eViele Menschen fliehen aus den Krisengebieten dieser Welt zu uns. Sie suchen Schutz und ein neues Zuhause\u201c, so der [&hellip;]<\/p>\n","protected":false},"author":1,"featured_media":0,"parent":0,"menu_order":0,"comment_status":"closed","ping_status":"closed","template":"","meta":{"footnotes":""},"class_list":["post-31","page","type-page","status-publish","hentry"],"_links":{"self":[{"href":"https:\/\/www.provocantus.de\/index.php\/wp-json\/wp\/v2\/pages\/31","targetHints":{"allow":["GET"]}}],"collection":[{"href":"https:\/\/www.provocantus.de\/index.php\/wp-json\/wp\/v2\/pages"}],"about":[{"href":"https:\/\/www.provocantus.de\/index.php\/wp-json\/wp\/v2\/types\/page"}],"author":[{"embeddable":true,"href":"https:\/\/www.provocantus.de\/index.php\/wp-json\/wp\/v2\/users\/1"}],"replies":[{"embeddable":true,"href":"https:\/\/www.provocantus.de\/index.php\/wp-json\/wp\/v2\/comments?post=31"}],"version-history":[{"count":12,"href":"https:\/\/www.provocantus.de\/index.php\/wp-json\/wp\/v2\/pages\/31\/revisions"}],"predecessor-version":[{"id":541,"href":"https:\/\/www.provocantus.de\/index.php\/wp-json\/wp\/v2\/pages\/31\/revisions\/541"}],"wp:attachment":[{"href":"https:\/\/www.provocantus.de\/index.php\/wp-json\/wp\/v2\/media?parent=31"}],"curies":[{"name":"wp","href":"https:\/\/api.w.org\/{rel}","templated":true}]}}

<div id="u2432-63" class="clearfix grpelem" data-muse-uid="U2432" data-muse-type="txt_frame">
<p><strong>„Musikprojekt als Appell für den Frieden“</strong><br />
<em>Caritasschule St. Elisabeth führt „The Armed Man“ in der Hinterschmidinger Pfarrkirche auf</em></p>
<p><strong><em>PNP 25.02.2016</em></strong><br />
<em>Von Claudia Grimsmann</em></p>
<p><strong>FRG.</strong> Krieg und Frieden. Kaum ein anderes Thema ist aktuell von höherer Bedeutung: „Viele Menschen fliehen aus den Krisengebieten dieser Welt zu uns. Sie suchen Schutz und ein neues Zuhause“, so der Geschäftsführer des Caritasverbandes FRG, Josef Bauer. „Jetzt geht es darum ein ‚friedliches‘ Miteinander zu erreichen – trotz anderer Sprachen, Kulturen, anderer Religionen.“ Wie könnte das besser gelingen, als mit der Weltsprache „Musik“.</p>
<p>Karl Jenkins <em>(bekannt durch sein Musikprojekt zum Werbespot der DELTA AIRLINES – Anm. d. Red.)</em> hatte während des Kosovokrieges eine Friedensmesse komponiert und zum Millennium uraufgeführt. „The Armed Man: A Mass for Peace“ gilt als Anti-Kriegsstück, das zum Einsatz für den Frieden aufruft. Das Oratorium verbindet dabei Filmmusik mit liturgischen Kirchenklängen. Gemeinsam mit unterschiedlichen Chören und Schulen werden im Juli unbegleitete minderjährige Flüchtlinge und Kinder mit geistigem Handicap die Jenkins-Friedensmesse in der Hinterschmidinger Kirche darbieten. Und ein weiterer integrativer Ansatz: „<em>Es gehört nach unserem Verständnis die Praxis dazu</em>, dass jeder mit seinen Fähigkeiten mitmachen darf“, erklärt<span style="text-decoration: line-through;">e</span> der Initiator des Musikprojektes, Ansver Sobtzick.“ Musizieren über den Tellerrand – neues Miteinander, in dem Diversität und gegenseitige Akzeptanz selbstverständlich sind und Integration Spaß macht, dass ist unsere Botschaft!“ Inklusion dürfe schließlich keine leere Worthülse sein. „Das ist mir wichtig – in meiner Arbeit als Rektor an der Caritasschule St. Elisabeth und als Chorleiter!“ In Trägerschaft des Kreis-Caritasverbandes Freyung-Grafenau e.V. geht das ehrgeizige Musikprojekt an den Start. Unterstützer sind dabei der Landkreis-Lehrerchor, der Gospelchor „Inspiration“ und der Konzertchor „ProvoCantus“. Ein großes Symphonieorchester und die Tanzschule Prasch versprechen zusätzlichen Kulturgenuss. Die Schirmherrschaft für das Projekt hat Passaus Oberbürgermeister, Jürgen Dupper übernommen. Die musikalische Leitung hat Ansver Sobtzick inne.</p>
<p><em>Karl Jenkins – der Name des walisischen Komponisten ist Programm: Große Musik – manchmal mittelalterlich, manchmal Ethno, aber immer imposant. Ansver Sobtzick – auch sein Name ist Programm: Mit seinem Chor „Provocantus“ hat sich der klassisch ausgebildete Bass und Rektor der Caritas-Schule St. Elisabeth am Zentrum für geistige Entwicklung regional wie international einen Namen gemacht. </em></p>
<p>&nbsp;</p>
<p><strong>„The Armed Man“ – Friedensmesse als kooperatives Musikprojekt</strong><br />
<em>Beginn der Chorproben mit Start-up Tag am 20. Februar in der Caritasschule Freyung</em><br />
<strong><em>PNP 19.02.2016</em></strong><br />
<em>Von Dieter Reichardt</em></p>
<p><strong>Freyung/Hinterschmiding.</strong> Im Juli dieses Jahres soll das zeitgenössische Oratorium des britischen Komponisten Karl Jenkins aufgeführt werden. Bei diesem groß angelegten Projekt wirken neben verschiedenen Chören und Schulen des Landkreises Freyung-Grafenau auch unbegleitete minderjährige Flüchtlinge und Schüler mit dem Förderbedarf geistige Entwicklung mit. Neue Sänger können am 20. Februar in die Probenphase einsteigen.</p>
<p>Das Thema Krieg und Frieden sowie ein notwendiger interreligiöser Dialog zwischen den Weltreligionen bewegt die Menschen heute mehr denn je. Auf die Initiative der Caritasschule St. Elisabeth wird in den nächsten Monaten ein Musikwerk einstudiert, das diese Fragen aufgreift und zum gemeinsamen Einsatz für den Frieden aufruft. „The Armed Man: A Mass for Peace“ von Karl Jenkins ist ein Antikriegsstück, das auf den Texten der katholischen Messliturgie basiert und zugleich nicht-christliche Quellen einbindet. Es wurde um die Jahrtausendwende anlässlich des Kosovokrieges für vierstimmigen gemischten Chor mit zwei Solisten und sinfonische Orchesterbesetzung geschrieben. Am 23. und 24. Juli 2016, soll das Werk in der Pfarrkirche in Hinterschmiding aufgeführt werden. Musikalisch erwartet den Zuhörer ein unterhaltsames Konzert der Extraklasse: Mit großem Orchester, Chor und Solisten verbindet das Oratorium Filmmusik und klassische Kirchenklänge mit Pop und Jazz. Der musikalischen Gesamtleitung von Sonja Reischl und Ansver Sobtzick ist es gelungen, eine Vielzahl von Gruppen aus dem Landkreis für dieses Werk zu begeistern und für die geplante Aufführung einzubinden. Neben dem Gospelchor Inspiration, dem Konzertchor ProvoCantus und dem Lehrerchor Freyung werden auch zahlreiche Schüler der Freyunger Schulen und Unbegleitete minderjährige Flüchtlinge in einem Projektchor zusammen singen. Eine Besonderheit dieser Aufführung wird eine gemeinsame tänzerische Inszenierung durch Schüler der Caritasschule St. Elisabeth und der Tanzschule Prasch sein. Für diese Form der Darstellung wurde vom Komponisten eigens eine Genehmigung eingeholt. Der interreligiöse und -kulturelle Dialog soll im Rahmen des Konzertes zudem durch verschiedene Informationsstände zum Thema „Kriege in der Welt“ vertieft werden, bei dem Unbegleitete minderjährige Flüchtlinge ihre Heimatländer vorstellen.</p>
<p>Am Samstag, den 20.02. beginnen die Chorproben für alle Sänger des Projekts im Rahmen eines Start-up Tages. Jeder, der gerne mitsingen möchte ist herzlich eingeladen vorbeizuschauen. Geprobt wird von 10.00 Uhr – 16.30 Uhr (inkl. Mittagspause) in der Caritasschule St. Elisabeth in Freyung (Ludwig-Penzkofer-Str. 3). Auch Studenten und andere auswärtige Sänger können das Projekt durch eine Teilnahme an den Probentagen/-wochenenden mitmachen – Chorerfahrung vorausgesetzt. Alle weiteren Probentermine und zusätzliche Infos zum Projekt finden sich auf der Homepage <a href="https://www.provocantus.de"><em>www.provocantus.de</em></a><em>. &#8211; dr</em></p>
</div>

<p>„Musikprojekt als Appell für den Frieden“ Caritasschule St. Elisabeth führt „The Armed Man“ in der Hinterschmidinger Pfarrkirche auf PNP 25.02.2016 Von Claudia Grimsmann FRG. Krieg und Frieden. Kaum ein anderes Thema ist aktuell von höherer Bedeutung: „Viele Menschen fliehen aus den Krisengebieten dieser Welt zu uns. Sie suchen Schutz und ein neues Zuhause“, so der [&hellip;]</p>
