{"id":408,"date":"2016-02-08T15:29:47","date_gmt":"2016-02-08T14:29:47","guid":{"rendered":"https:\/\/www.provocantus.de\/?page_id=408"},"modified":"2026-01-05T18:56:29","modified_gmt":"2026-01-05T17:56:29","slug":"konzerte","status":"publish","type":"page","link":"https:\/\/www.provocantus.de\/index.php\/konzerte\/","title":{"rendered":"Konzerte"},"content":{"rendered":"\n<p><strong>Konzerte 2026<\/strong><\/p>\n\n\n\n<p>11.04.2026 H\u00e4ndel &#8211; Der Messias &#8211; Konzertchor ProvoCantus um 19.00 Uhr in der Pfarrkirche Hinterschmiding<\/p>\n\n\n\n<p>12.04.2026 H\u00e4ndel &#8211; Der Messias &#8211; Konzertchor ProvoCantus um 16.30 Uhr in der Pfarrkirche Hinterschmiding<\/p>\n\n\n\n<p><strong>Konzerte 2025<\/strong><\/p>\n\n\n\n<p><strong><a href=\"https:\/\/www.provocantus.de\/wp-content\/uploads\/2025\/08\/Klavierkonzert-Schumann-Ankuendigung.pdf\">12.10.2025 Klavierkonzert<\/a><\/strong> Robert Schumann mit Peter Walchsh\u00e4usl um 17.00 Uhr<\/p>\n\n\n\n<p><strong><a href=\"https:\/\/www.provocantus.de\/wp-content\/uploads\/2025\/08\/WanderkonzertIMG-20250807-WA0001.jpg\">07.09.2025 Wanderkonzert Leopoldsreut<\/a><\/strong><\/p>\n\n\n\n<p>Vokalensemble Siamo, Konzertchor ProvoCantus, Heinrich H\u00f6llm\u00fcller<\/p>\n\n\n\n<p>musikalische Einstimmung im Haidh\u00e4usl um 14.30 Uhr, dann Bus-Shuttle<\/p>\n\n\n\n<p><\/p>\n\n\n\n<p><strong><a href=\"https:\/\/www.provocantus.de\/wp-content\/uploads\/2025\/06\/Plakat-Bach-Purcell-2025.jpg\">06.07.2025 um 19.00 Uhr, Pfarrkirche Hinterschmiding<\/a><\/strong>, Bach &amp; Purcell, Konzertchor ProvoCantus &amp; Barockensemble Bergfried<\/p>\n\n\n\n<p><strong>01.06.2025<\/strong> <strong>um 16.00 Uhr, Haidh\u00e4usl <\/strong>Lesung und Kl\u00e4nge mit Udo Schindler, Uli Winter, Fredi Pr\u00f6ll und Anton Kirchmair<\/p>\n\n\n\n<p><strong>27.04.2025 um 11.00 Uhr<\/strong>, <strong>Haidh\u00e4usl <\/strong>JAZZFR\u00dcHSCHOPPEN &#8211; Clarino Jazzband<\/p>\n\n\n\n<p><strong>18.04.2025 um 21.00 Uhr, Pfarrkirche Wollaberg<\/strong>, Tenebrae &#8211; Konzertchor ProvoCantus<\/p>\n\n\n\n<p><strong>30.03.2025 um 11.00 Uhr, Haidh\u00e4usl<\/strong> KONZERTMUSIK ZUR MITTAGSZEIT &#8211; MARKTKAPELLE OBERNZELL<\/p>\n\n\n\n<p><strong>23.02.2025 um 16.00 Uhr, Haidh\u00e4usl <\/strong>ROBERT SCHUMANN DICHTERLIEBE &#8211; ANSVER SOBTZICK, PETER WALCHSH\u00c4USL<\/p>\n\n\n\n<p><strong>06.01.2025 um 18:00 Uhr, St.Brigida Preying    <\/strong> O MAGNUM MYSTERIUM Weihnachtslieder<br>Benefizkonzerte 50% der Einnahmen zugunsten des Hospizvereins im Landkreis Freyung-Grafenau e.V.<\/p>\n\n\n\n<p class=\"has-black-color has-text-color has-link-color wp-elements-31480d7db14c345dc301b014098e18fb\"><strong>Konzerte 2024<\/strong><\/p>\n\n\n\n<p><strong>26.12.2024 um 18:30 Uhr, Pfarrkirche Wollaberg     <\/strong>                                                                                       O MAGNUM MYSTERIUM Weihnachtslieder<br>Benefizkonzerte 50% der Einnahmen zugunsten des Hospizvereins im Landkreis Freyung-Grafenau e.V.<br><\/p>\n\n\n\n<p><strong>08.11.2024 um 11:00 Uhr, Caritasschule St. Elisabeth Freyung <\/strong>                                               &#8222;Zigeunerlieder&#8220; Johannes Brahms und weitere Lieder der Liebe   <\/p>\n\n\n\n<p><strong>17.08.2024 um 19:00 Uhr, Pilgerkirche Sch\u00f6nstatt\/Vallendar     <\/strong>                                                INSTRUMENTS OF YOUR PEACE GEISTLICHES KONZERT<\/p>\n\n\n\n<p>14.07.2024 um 11.00 Uhr, Volksmusikakademie Freyung                                                         &#8222;Zigeunerlieder&#8220; Johannes Brahms und weitere Lieder der Liebe                          <\/p>\n\n\n\n<p><strong>29.06.2024 um 20:00 Uhr, Spitalb\u00fchne Aub<\/strong>                                                                            &#8222;Zigeunerlieder&#8220; Johannes Brahms und weitere Lieder der Liebe<\/p>\n\n\n<h3>Konzerte 2023<\/h3>\n<p><strong>19.03.2023 um 16:00 Uhr, Pfarrkirche Obernzell<\/strong><br \/>Musik zur Fastenzeit<\/p>\n<p><strong>07.04.2023 um 21:00 Uhr und 08.04.2023 um 06:00 Uhr, Pfarrkirche Wollaberg<\/strong><br \/>Tenebrae-Konzerte<br \/><em>Dieses Projekt wird im Rahmen des bundesweiten Programms IMPULS gef\u00f6rdert.<\/em><\/p>\n<p><strong>17.06.2023, Bergfried 1, 94034 Passau<\/strong><br \/>Bergfried-Festival<\/p>\n<p><strong>01.07.2023 und 02.07.2023, Landesgartenschau Freyung<br \/><\/strong>ProvoCantus und Freunde machen die Landesgartenschau in Freyung zu einem \u201eHortus musicus\u201c<\/p>\n<p><strong>07.10.2023 um 19:30 Uhr und 08.10.2023 um 19:30 Uhr, Pfarrkirche Hinterschmiding<br \/><\/strong>Gro\u00dfe Jubil\u00e4umskonzerte mit Requiem (Mozart)<\/p>\n<div class=\"divider\" style=\"margin-top:20px; margin-bottom:20px; border-top:1px solid #CCCCCC;width:100%\"\/><\/div>\n<h3>Konzerte 2019<\/h3>\n<p><strong>13.10.2019<\/strong>,<strong> Pfarrkirche Haus im Wald, 18 Uhr<\/strong><br \/>Gioacchino Rossini: Messe Petite solennelle<\/p>\n<p><strong>12.10.2019<\/strong>,<strong> Pfarrkirche Hinterschmiding, 19 Uhr<\/strong><br \/>Gioacchino Rossini: Messe Petite solennelle<\/p>\n<p><strong>10.03.2019<\/strong>,<strong> Pfarrkirche Hinterschmiding, 16 Uhr<\/strong><br \/>Georg Friedrich H\u00e4ndel: Oratorium Israel in Egypt<\/p>\n<p><strong>09.03.2019<\/strong>,<strong> Pfarrkirche Hinterschmiding, 19 Uhr<\/strong><br \/>Georg Friedrich H\u00e4ndel: Oratorium Israel in Egypt<\/p>\n<div class=\"divider\" style=\"margin-top:20px; margin-bottom:20px; border-top:1px solid #CCCCCC;width:100%\"\/><\/div>\n<h3>Konzerte 2018<\/h3>\n<p><strong>22.07.2018<\/strong>,<strong> Pfarrkirche Preying, 19 Uhr<\/strong><br \/>Geistliches Konzert &#8211; Bleib bei uns<\/p>\n<p><strong>16.08.2018, Vornbach am Inn, 19 Uhr<\/strong><br \/>Chorbegegnungen &#8211; Jubil\u00e4umskonzert 25 Jahre HSE<\/p>\n<p><strong>17.08.2018, St. Laurentius<\/strong><br \/>Konzert in Leipzig<\/p>\n<div class=\"divider\" style=\"margin-top:20px; margin-bottom:20px; border-top:1px solid #CCCCCC;width:100%\"\/><\/div>\n<h3>Konzerte 2017<\/h3>\n<div class=\"divider\" style=\"margin-top:20px; margin-bottom:20px; border-top:1px solid #CCCCCC;width:100%\"\/><\/div>\n<h3>Konzerte 2016<\/h3>\n<p><strong>26.12.2016, St. \u00c4gidius Wollaberg, 16.00 Uhr<\/strong><br \/>Strahlende Weihnacht &#8211; Weihnachtslieder mit dem Konzertchor ProvoCantus<\/p>\n<p><strong>08.01.2017, Hl. Herz Jesu, Haus im Wald, 16.00 Uhr<\/strong><br \/>Strahlende Weihnacht &#8211; Weihnachtslieder mit dem Konzertchor ProvoCantus<\/p>\n<p><strong>30.09.2016, Stadtpfarrkirche Waldkirchen<\/strong><br \/>&#8222;Glaube &#8211; Hoffnung &#8211; Liebe&#8220;: Nacht der Lichter<\/p>\n<p><strong>21.08.2016, C\u00e1diz (Spanien)<\/strong><br \/>&#8222;Cantar de los Cantares, canciones contemor\u00e1neos y gospel&#8220;<\/p>\n<p><strong>22.08. 2016 Mairena del Alcor (Spanien)<\/strong><br \/>&#8222;Cantar de los Cantares, canciones contemor\u00e1neos y gospel&#8220;<\/p>\n<p><strong>26.08.2016 Granada (Spanien)<\/strong><br \/>&#8222;Cantar de los Cantares, canciones contemor\u00e1neos y gospel&#8220;<\/p>\n<p><strong>24.07.2016, Hinterschmiding<\/strong><br \/>&#8222;The armed Man &#8211; A mass for peace&#8220; (Karl Jenkins)<\/p>\n<p><strong>23.07.2016, Hinterschmiding<\/strong><br \/>&#8222;The armed Man &#8211; A mass for peace&#8220; (Karl Jenkins)<\/p>\n<p><strong>14.05.2016, Grafenau<\/strong><br \/>&#8222;gospel, love &amp; modern art&#8220;<\/p>\n<p><strong>06. 01.2016, Perlesreut<\/strong><br \/>&#8222;Frohlocket ihr V\u00f6lker auf Erden&#8220; \u2013 Mitsingkonzert zur Weihnachtszeit<\/p>\n<div class=\"divider\" style=\"margin-top:20px; margin-bottom:20px; border-top:1px solid #CCCCCC;width:100%\"\/><\/div>\n<h3>Konzerte 2015<\/h3>\n<p><strong>22. November 2015, Hinterschmiding\/Wollaberg<\/strong><br \/>&#8222;Gospel, Jazz and Modern Art&#8220; &#8211; CD-Buchpr\u00e4sentation<\/p>\n<p><strong>28. Februar 2015, Passau<\/strong><br \/>Passauer Konzertwinter VOC, Das Hohelied der Liebe<\/p>\n<p><strong>22. Juni 2015, Viechtach<\/strong><br \/>Musica Sacra, Europ\u00e4isches Musikfest EUROPAMUSICALE<\/p>\n<div class=\"divider\" style=\"margin-top:20px; margin-bottom:20px; border-top:1px solid #CCCCCC;width:100%\"\/><\/div>\n<h3>Konzerte 2014<\/h3>\n<p><strong>02. November 2014, Niederalteich<\/strong><br \/>Musica Sacra, Europ\u00e4isches Musikfest EUROPAMUSICALE<\/p>","protected":false},"excerpt":{"rendered":"<p>Konzerte 2026 11.04.2026 H\u00e4ndel &#8211; Der Messias &#8211; Konzertchor ProvoCantus um 19.00 Uhr in der Pfarrkirche Hinterschmiding 12.04.2026 H\u00e4ndel &#8211; Der Messias &#8211; Konzertchor ProvoCantus um 16.30 Uhr in der Pfarrkirche Hinterschmiding Konzerte 2025 12.10.2025 Klavierkonzert Robert Schumann mit Peter Walchsh\u00e4usl um 17.00 Uhr 07.09.2025 Wanderkonzert Leopoldsreut Vokalensemble Siamo, Konzertchor ProvoCantus, Heinrich H\u00f6llm\u00fcller musikalische Einstimmung [&hellip;]<\/p>\n","protected":false},"author":1,"featured_media":0,"parent":0,"menu_order":0,"comment_status":"closed","ping_status":"closed","template":"","meta":{"footnotes":""},"class_list":["post-408","page","type-page","status-publish","hentry"],"_links":{"self":[{"href":"https:\/\/www.provocantus.de\/index.php\/wp-json\/wp\/v2\/pages\/408","targetHints":{"allow":["GET"]}}],"collection":[{"href":"https:\/\/www.provocantus.de\/index.php\/wp-json\/wp\/v2\/pages"}],"about":[{"href":"https:\/\/www.provocantus.de\/index.php\/wp-json\/wp\/v2\/types\/page"}],"author":[{"embeddable":true,"href":"https:\/\/www.provocantus.de\/index.php\/wp-json\/wp\/v2\/users\/1"}],"replies":[{"embeddable":true,"href":"https:\/\/www.provocantus.de\/index.php\/wp-json\/wp\/v2\/comments?post=408"}],"version-history":[{"count":31,"href":"https:\/\/www.provocantus.de\/index.php\/wp-json\/wp\/v2\/pages\/408\/revisions"}],"predecessor-version":[{"id":1182,"href":"https:\/\/www.provocantus.de\/index.php\/wp-json\/wp\/v2\/pages\/408\/revisions\/1182"}],"wp:attachment":[{"href":"https:\/\/www.provocantus.de\/index.php\/wp-json\/wp\/v2\/media?parent=408"}],"curies":[{"name":"wp","href":"https:\/\/api.w.org\/{rel}","templated":true}]}}

<p><strong>Konzerte 2026</strong></p>



<p>11.04.2026 Händel &#8211; Der Messias &#8211; Konzertchor ProvoCantus um 19.00 Uhr in der Pfarrkirche Hinterschmiding</p>



<p>12.04.2026 Händel &#8211; Der Messias &#8211; Konzertchor ProvoCantus um 16.30 Uhr in der Pfarrkirche Hinterschmiding</p>



<p><strong>Konzerte 2025</strong></p>



<p><strong><a href="https://www.provocantus.de/wp-content/uploads/2025/08/Klavierkonzert-Schumann-Ankuendigung.pdf">12.10.2025 Klavierkonzert</a></strong> Robert Schumann mit Peter Walchshäusl um 17.00 Uhr</p>



<p><strong><a href="https://www.provocantus.de/wp-content/uploads/2025/08/WanderkonzertIMG-20250807-WA0001.jpg">07.09.2025 Wanderkonzert Leopoldsreut</a></strong></p>



<p>Vokalensemble Siamo, Konzertchor ProvoCantus, Heinrich Höllmüller</p>



<p>musikalische Einstimmung im Haidhäusl um 14.30 Uhr, dann Bus-Shuttle</p>



<p></p>



<p><strong><a href="https://www.provocantus.de/wp-content/uploads/2025/06/Plakat-Bach-Purcell-2025.jpg">06.07.2025 um 19.00 Uhr, Pfarrkirche Hinterschmiding</a></strong>, Bach &amp; Purcell, Konzertchor ProvoCantus &amp; Barockensemble Bergfried</p>



<p><strong>01.06.2025</strong> <strong>um 16.00 Uhr, Haidhäusl </strong>Lesung und Klänge mit Udo Schindler, Uli Winter, Fredi Pröll und Anton Kirchmair</p>



<p><strong>27.04.2025 um 11.00 Uhr</strong>, <strong>Haidhäusl </strong>JAZZFRÜHSCHOPPEN &#8211; Clarino Jazzband</p>



<p><strong>18.04.2025 um 21.00 Uhr, Pfarrkirche Wollaberg</strong>, Tenebrae &#8211; Konzertchor ProvoCantus</p>



<p><strong>30.03.2025 um 11.00 Uhr, Haidhäusl</strong> KONZERTMUSIK ZUR MITTAGSZEIT &#8211; MARKTKAPELLE OBERNZELL</p>



<p><strong>23.02.2025 um 16.00 Uhr, Haidhäusl </strong>ROBERT SCHUMANN DICHTERLIEBE &#8211; ANSVER SOBTZICK, PETER WALCHSHÄUSL</p>



<p><strong>06.01.2025 um 18:00 Uhr, St.Brigida Preying    </strong> O MAGNUM MYSTERIUM Weihnachtslieder<br>Benefizkonzerte 50% der Einnahmen zugunsten des Hospizvereins im Landkreis Freyung-Grafenau e.V.</p>



<p class="has-black-color has-text-color has-link-color wp-elements-31480d7db14c345dc301b014098e18fb"><strong>Konzerte 2024</strong></p>



<p><strong>26.12.2024 um 18:30 Uhr, Pfarrkirche Wollaberg     </strong>                                                                                       O MAGNUM MYSTERIUM Weihnachtslieder<br>Benefizkonzerte 50% der Einnahmen zugunsten des Hospizvereins im Landkreis Freyung-Grafenau e.V.<br></p>



<p><strong>08.11.2024 um 11:00 Uhr, Caritasschule St. Elisabeth Freyung </strong>                                               &#8222;Zigeunerlieder&#8220; Johannes Brahms und weitere Lieder der Liebe   </p>



<p><strong>17.08.2024 um 19:00 Uhr, Pilgerkirche Schönstatt/Vallendar     </strong>                                                INSTRUMENTS OF YOUR PEACE GEISTLICHES KONZERT</p>



<p>14.07.2024 um 11.00 Uhr, Volksmusikakademie Freyung                                                         &#8222;Zigeunerlieder&#8220; Johannes Brahms und weitere Lieder der Liebe                          </p>



<p><strong>29.06.2024 um 20:00 Uhr, Spitalbühne Aub</strong>                                                                            &#8222;Zigeunerlieder&#8220; Johannes Brahms und weitere Lieder der Liebe</p>


<h3>Konzerte 2023</h3>
<p><strong>19.03.2023 um 16:00 Uhr, Pfarrkirche Obernzell</strong><br />Musik zur Fastenzeit</p>
<p><strong>07.04.2023 um 21:00 Uhr und 08.04.2023 um 06:00 Uhr, Pfarrkirche Wollaberg</strong><br />Tenebrae-Konzerte<br /><em>Dieses Projekt wird im Rahmen des bundesweiten Programms IMPULS gefördert.</em></p>
<p><strong>17.06.2023, Bergfried 1, 94034 Passau</strong><br />Bergfried-Festival</p>
<p><strong>01.07.2023 und 02.07.2023, Landesgartenschau Freyung<br /></strong>ProvoCantus und Freunde machen die Landesgartenschau in Freyung zu einem „Hortus musicus“</p>
<p><strong>07.10.2023 um 19:30 Uhr und 08.10.2023 um 19:30 Uhr, Pfarrkirche Hinterschmiding<br /></strong>Große Jubiläumskonzerte mit Requiem (Mozart)</p>
<div class="divider" style="margin-top:20px; margin-bottom:20px; border-top:1px solid #CCCCCC;width:100%"/></div>
<h3>Konzerte 2019</h3>
<p><strong>13.10.2019</strong>,<strong> Pfarrkirche Haus im Wald, 18 Uhr</strong><br />Gioacchino Rossini: Messe Petite solennelle</p>
<p><strong>12.10.2019</strong>,<strong> Pfarrkirche Hinterschmiding, 19 Uhr</strong><br />Gioacchino Rossini: Messe Petite solennelle</p>
<p><strong>10.03.2019</strong>,<strong> Pfarrkirche Hinterschmiding, 16 Uhr</strong><br />Georg Friedrich Händel: Oratorium Israel in Egypt</p>
<p><strong>09.03.2019</strong>,<strong> Pfarrkirche Hinterschmiding, 19 Uhr</strong><br />Georg Friedrich Händel: Oratorium Israel in Egypt</p>
<div class="divider" style="margin-top:20px; margin-bottom:20px; border-top:1px solid #CCCCCC;width:100%"/></div>
<h3>Konzerte 2018</h3>
<p><strong>22.07.2018</strong>,<strong> Pfarrkirche Preying, 19 Uhr</strong><br />Geistliches Konzert &#8211; Bleib bei uns</p>
<p><strong>16.08.2018, Vornbach am Inn, 19 Uhr</strong><br />Chorbegegnungen &#8211; Jubiläumskonzert 25 Jahre HSE</p>
<p><strong>17.08.2018, St. Laurentius</strong><br />Konzert in Leipzig</p>
<div class="divider" style="margin-top:20px; margin-bottom:20px; border-top:1px solid #CCCCCC;width:100%"/></div>
<h3>Konzerte 2017</h3>
<div class="divider" style="margin-top:20px; margin-bottom:20px; border-top:1px solid #CCCCCC;width:100%"/></div>
<h3>Konzerte 2016</h3>
<p><strong>26.12.2016, St. Ägidius Wollaberg, 16.00 Uhr</strong><br />Strahlende Weihnacht &#8211; Weihnachtslieder mit dem Konzertchor ProvoCantus</p>
<p><strong>08.01.2017, Hl. Herz Jesu, Haus im Wald, 16.00 Uhr</strong><br />Strahlende Weihnacht &#8211; Weihnachtslieder mit dem Konzertchor ProvoCantus</p>
<p><strong>30.09.2016, Stadtpfarrkirche Waldkirchen</strong><br />&#8222;Glaube &#8211; Hoffnung &#8211; Liebe&#8220;: Nacht der Lichter</p>
<p><strong>21.08.2016, Cádiz (Spanien)</strong><br />&#8222;Cantar de los Cantares, canciones contemoráneos y gospel&#8220;</p>
<p><strong>22.08. 2016 Mairena del Alcor (Spanien)</strong><br />&#8222;Cantar de los Cantares, canciones contemoráneos y gospel&#8220;</p>
<p><strong>26.08.2016 Granada (Spanien)</strong><br />&#8222;Cantar de los Cantares, canciones contemoráneos y gospel&#8220;</p>
<p><strong>24.07.2016, Hinterschmiding</strong><br />&#8222;The armed Man &#8211; A mass for peace&#8220; (Karl Jenkins)</p>
<p><strong>23.07.2016, Hinterschmiding</strong><br />&#8222;The armed Man &#8211; A mass for peace&#8220; (Karl Jenkins)</p>
<p><strong>14.05.2016, Grafenau</strong><br />&#8222;gospel, love &amp; modern art&#8220;</p>
<p><strong>06. 01.2016, Perlesreut</strong><br />&#8222;Frohlocket ihr Völker auf Erden&#8220; – Mitsingkonzert zur Weihnachtszeit</p>
<div class="divider" style="margin-top:20px; margin-bottom:20px; border-top:1px solid #CCCCCC;width:100%"/></div>
<h3>Konzerte 2015</h3>
<p><strong>22. November 2015, Hinterschmiding/Wollaberg</strong><br />&#8222;Gospel, Jazz and Modern Art&#8220; &#8211; CD-Buchpräsentation</p>
<p><strong>28. Februar 2015, Passau</strong><br />Passauer Konzertwinter VOC, Das Hohelied der Liebe</p>
<p><strong>22. Juni 2015, Viechtach</strong><br />Musica Sacra, Europäisches Musikfest EUROPAMUSICALE</p>
<div class="divider" style="margin-top:20px; margin-bottom:20px; border-top:1px solid #CCCCCC;width:100%"/></div>
<h3>Konzerte 2014</h3>
<p><strong>02. November 2014, Niederalteich</strong><br />Musica Sacra, Europäisches Musikfest EUROPAMUSICALE</p>

<p>Konzerte 2026 11.04.2026 Händel &#8211; Der Messias &#8211; Konzertchor ProvoCantus um 19.00 Uhr in der Pfarrkirche Hinterschmiding 12.04.2026 Händel &#8211; Der Messias &#8211; Konzertchor ProvoCantus um 16.30 Uhr in der Pfarrkirche Hinterschmiding Konzerte 2025 12.10.2025 Klavierkonzert Robert Schumann mit Peter Walchshäusl um 17.00 Uhr 07.09.2025 Wanderkonzert Leopoldsreut Vokalensemble Siamo, Konzertchor ProvoCantus, Heinrich Höllmüller musikalische Einstimmung [&hellip;]</p>
